 5?
True
Is 96506 a multiple of 8?
False
Does 7 divide 3237059?
True
Does 3 divide 604093?
False
Does 11 divide 2727?
False
Does 44 divide 532356?
True
Is 238 a factor of 427210?
True
Is 51507 a multiple of 97?
True
Is 14631141 a multiple of 14?
False
Does 395 divide 89203?
False
Does 31 divide 70113?
False
Is 4828768 a multiple of 39?
False
Does 18 divide 84474?
True
Is 30 a factor of 581520?
True
Does 4 divide 38819?
False
Is 14586 a multiple of 22?
True
Does 135 divide 98057?
False
Is 240 a factor of 843446?
False
Is 1365826 a multiple of 11?
True
Is 1608383 a multiple of 7?
True
Is 33582 even?
True
Is 218 a factor of 224198?
False
Is 173 a factor of 29756?
True
Is 322 a factor of 328508?
False
Is 226 a factor of 1345152?
True
Is 19 a factor of 7338512?
False
Does 3 divide 63274?
False
Does 5 divide 13735289?
False
Is 76312 a multiple of 10?
False
Is 121 a factor of 460992?
False
Is 242 a factor of 1257859?
False
Is 344007 a multiple of 10?
False
Is 9 a factor of 98372?
False
Does 10 divide 28992781?
False
Is 48944 a multiple of 23?
True
Is 550223 a multiple of 12?
False
Does 433 divide 148461?
False
Is 21 a factor of 2155755?
True
Does 47 divide 6808933?
False
Does 17 divide 448131?
False
Does 24 divide 17416284?
False
Is 4027050 a multiple of 270?
True
Does 423 divide 7086096?
True
Is 50266 a multiple of 50?
False
Is 73 a factor of 167608?
True
Is 311 a factor of 1343831?
True
Is 91 a factor of 5615974?
True
Is 8708115 a multiple of 15?
True
Does 18 divide 105826?
False
Does 732 divide 175680?
True
Is 250829 a multiple of 10?
False
Is 61 a factor of 227347?
True
Does 631 divide 106131?
False
Is 36 a factor of 53201?
False
Is 2 a factor of 92653?
False
Does 31 divide 1124274?
False
Does 374 divide 83028?
True
Is 17 a factor of 9523893?
True
Does 439 divide 10374448?
True
Is 4356089 a multiple of 65?
False
Is 226650 a multiple of 150?
True
Does 15 divide 162495?
True
Does 17 divide 911251?
True
Is 4579167 a multiple of 123?
True
Does 17 divide 5304069?
False
Does 138 divide 836970?
True
Is 10 a factor of 47210?
True
Is 72220 a multiple of 169?
False
Is 38648 a multiple of 4?
True
Does 213 divide 1987135?
False
Is 67217 a multiple of 13?
False
Does 70 divide 3983910?
True
Does 277 divide 70912?
True
Does 76 divide 1436020?
True
Does 40 divide 10411120?
True
Does 62 divide 124000?
True
Is 151144 a multiple of 3?
False
Is 114434 a multiple of 209?
False
Is 2649 a factor of 14314984?
False
Is 18 a factor of 84330?
True
Does 105 divide 64659?
False
Is 50 a factor of 533750?
True
Is 720390 a multiple of 37?
True
Is 738963 a multiple of 3?
True
Is 178470 a multiple of 27?
True
Is 209 a factor of 100738?
True
Is 9 a factor of 119072?
False
Does 90 divide 1302304?
False
Is 8203584 a multiple of 24?
True
Is 20 a factor of 258140?
True
Does 99 divide 69894?
True
Does 12 divide 454900?
False
Is 46474 a multiple of 2?
True
Is 955 a factor of 5299295?
True
Is 2064 a factor of 2509824?
True
Is 232414 a multiple of 53?
False
Is 73 a factor of 10130899?
False
Is 732234 a multiple of 14?
False
Is 5 a factor of 17475?
True
Does 306 divide 4746672?
True
Is 96 a factor of 8307456?
True
Does 9 divide 8408115?
True
Is 8 a factor of 285808?
True
Is 50389 a multiple of 66?
False
Does 162 divide 6077599?
False
Does 18 divide 32310?
True
Does 362 divide 2732970?
False
Is 16286816 a multiple of 272?
True
Is 9888125 a multiple of 65?
True
Does 25 divide 22459142?
False
Does 268 divide 9792184?
True
Is 73 a factor of 202851?
False
Is 9738997 a multiple of 55?
False
Is 13 a factor of 5059228?
False
Is 559629 a multiple of 63?
True
Is 2164562 a multiple of 273?
False
Is 5700575 a multiple of 6?
False
Does 20 divide 3030843?
False
Does 8 divide 6159651?
False
Is 13 a factor of 11104527?
False
Does 226 divide 3507746?
True
Does 352 divide 137848?
False
Does 14 divide 314387?
False
Is 17 a factor of 1078514?
True
Is 4563809 a multiple of 1359?
False
Is 20 a factor of 7319420?
True
Is 4 a factor of 19317?
False
Does 49 divide 1616132?
False
Is 159 a factor of 546960?
True
Does 19 divide 616329?
False
Is 1636470 a multiple of 90?
True
Is 57 a factor of 86897?
False
Does 193 divide 1006495?
True
Is 65 a factor of 1555385?
True
Is 5 a factor of 6492605?
True
Does 7 divide 146357?
False
Does 257 divide 5111730?
True
Is 73 a factor of 4059311?
True
Is 482077 a multiple of 15?
False
Is 135036 a multiple of 11?
True
Does 389 divide 2493155?
False
Does 403 divide 969215?
True
Is 19 a factor of 40356?
True
Is 404222 a multiple of 26?
True
Is 4 a factor of 549396?
True
Is 52635 a multiple of 165?
True
Does 12 divide 734280?
True
Is 470 a factor of 603950?
True
Does 139 divide 7635?
False
Is 331368 a multiple of 4?
True
Is 1254380 a multiple of 10?
True
Does 232 divide 92946?
False
Does 39 divide 224016?
True
Does 36 divide 12490682?
False
Is 1284701 a multiple of 576?
False
Is 11 a factor of 62016?
False
Is 996996 a multiple of 14?
True
Does 77 divide 397320?
True
Is 94 a factor of 15416?
True
Is 5 a factor of 7521?
False
Is 17 a factor of 1216452?
True
Is 135 a factor of 44046?
False
Is 323 a factor of 48253?
False
Is 9 a factor of 115893?
True
Is 318996 a multiple of 12?
True
Does 27 divide 82701?
True
Is 162578 a multiple of 26?
True
Does 69 divide 1237032?
True
Does 116 divide 812341?
False
Is 2281683 a multiple of 180?
False
Does 531 divide 31810808?
False
Is 30 a factor of 2831526?
False
Does 3 divide 4630?
False
Is 346990 a multiple of 4?
False
Does 6 divide 1630356?
True
Is 403 a factor of 539214?
True
Is 37 a factor of 3240312?
True
Does 19 divide 1089317?
False
Does 73 divide 242578?
False
Is 4750 a multiple of 5?
True
Is 78 a factor of 547315?
False
Does 8 divide 10040?
True
Is 18 a factor of 4663?
False
Is 7764013 a multiple of 57?
False
Is 3187296 a multiple of 238?
True
Is 48 a factor of 323242?
False
Is 267793 a multiple of 953?
True
Is 21 a factor of 1595253?
False
Is 20 a factor of 1290843?
False
Is 30 a factor of 147450?
True
Is 9047864 a multiple of 281?
False
Is 1804290 a multiple of 176?
False
Is 2172384 a multiple of 48?
True
Does 2025 divide 34078725?
True
Does 736 divide 5015595?
False
Does 20 divide 1573482?
False
Is 19 a factor of 1216038?
True
Is 1170960 a multiple of 7?
True
Does 269 divide 104541?
False
Does 10 divide 1740500?
True
Does 63 divide 1578539?
False
Is 4 a factor of 1007574?
False
Is 543824 a multiple of 9?
False
Is 62 a factor of 68448?
True
Is 9 a factor of 3621474?
True
Does 42 divide 75180?
True
Is 4638144 a multiple of 609?
True
Is 7761 a multiple of 3?
True
Does 152 divide 17784?
True
Is 6 a factor of 351762?
True
Is 421356 a multiple of 444?
True
Does 16 divide 3381?
False
Does 33 divide 380?
False
Is 30 a factor of 18326580?
True
Does 12 divide 522402?
False
Does 341 divide 14322?
True
Does 10 divide 152030?
True
Does 337 divide 2356978?
True
Is 1722667 a multiple of 524?
False
Does 13 divide 1017407?
False
Does 5 divide 182297?
False
Is 1209967 a multiple of 15?
False
Does 330 divide 1303787?
False
Is 10 a factor of 142930?
True
Is 713647 a multiple of 372?
False
Is 143 a factor of 747461?
True
Is 785 a factor of 396425?
True
Does 18 divide 881946?
True
Is 1970052 a multiple of 646?
False
Is 918 a factor of 9168719?
False
Is 14519499 a multiple of 215?
False
Is 93 a factor of 64170?
True
Does 37 divide 1323453?
True
Is 9 a factor of 2135?
False
Is 133 a factor of 5237274?
True
Does 7 divide 62210?
False
Is 101440 a multiple of 317?
True
Is 91154 a multiple of 29?
False
Is 168 a factor of 1777085?
False
Is 82195 a multiple of 85?
True
Does 25 divide 254525?
True
Is 317 a factor of 290689?
True
Does 13 divide 50876?
False
Is 27 a factor of 317048?
False
Is 2011022 a multiple of 13?
True
Does 25 divide 288914?
False
Is 135447 a multiple of 13?
True
Is 929 a factor of 3240352?
True
Does 176 divide 57376?
True
Does 573 divide 105521?
False
Is 19402 a multiple of 34?
False
Does 32 divide 216911?
False
Is 4294919 a multiple of 19?
False
Is 5271 a multiple of 21?
True
Is 227 a factor of 39952?
True
Does 20 divide 10004060?
True
Is 17361252 a multiple of 18?
True
Is 240806 a multiple of 819?
False
Is 7 a factor of 4093544?
True
Is 10 a factor of 1225460?
True
Is 2367 even?
False
Is 8767493 a multiple of 133?
True
Does 9 divide 96544?
False
